actor of 78603?
True
Does 40 divide 2824740?
False
Is 373 a factor of 1169355?
True
Is 18 a factor of 3940877?
False
Is 18993 a multiple of 28?
False
Does 45 divide 487372?
False
Is 62 a factor of 376898?
True
Is 53 a factor of 8116789?
False
Is 13 a factor of 98111?
True
Does 627 divide 2269213?
False
Is 48 a factor of 6520749?
False
Is 76 a factor of 49334?
False
Does 27 divide 72522?
True
Is 3 a factor of 17853?
True
Is 393 a factor of 112791?
True
Is 14 a factor of 2627338?
True
Does 9 divide 132183?
True
Is 199 a factor of 267425?
False
Is 56 a factor of 143808?
True
Is 93912 a multiple of 7?
True
Does 9 divide 87005?
False
Does 68 divide 138761?
False
Does 17 divide 854437?
True
Is 38 a factor of 17268?
False
Does 192 divide 910848?
True
Is 2 a factor of 326428?
True
Is 5739907 a multiple of 93?
False
Is 8 a factor of 206632?
True
Is 147610 a multiple of 145?
True
Does 9 divide 144990?
True
Is 622510 a multiple of 59?
False
Is 18 a factor of 96210?
True
Does 85 divide 467793?
False
Does 113 divide 308490?
True
Is 810667 a multiple of 485?
False
Does 11 divide 37193?
False
Is 2196 a multiple of 12?
True
Is 101 a factor of 306549?
False
Is 7200 a multiple of 12?
True
Does 647 divide 527305?
True
Is 326 a factor of 626246?
True
Is 97100 a multiple of 50?
True
Does 4 divide 145296?
True
Does 142 divide 4352886?
False
Is 347 a factor of 53438?
True
Is 1296 a factor of 4441392?
True
Does 32 divide 178883?
False
Does 7 divide 296632?
True
Is 141395 a multiple of 6?
False
Is 42 a factor of 211050?
True
Is 2628655 a multiple of 1012?
False
Is 1302111 a multiple of 149?
True
Does 6 divide 2407410?
True
Is 890395 a multiple of 11?
True
Is 294219 a multiple of 17?
True
Does 113 divide 10622?
True
Does 66 divide 423110?
False
Is 3 a factor of 314144?
False
Is 10 a factor of 948820?
True
Does 15 divide 1054450?
False
Does 332 divide 486712?
True
Is 6735305 a multiple of 10?
False
Is 1844900 a multiple of 10?
True
Is 27 a factor of 864722?
False
Is 1835750 a multiple of 35?
True
Is 28 a factor of 1287775?
False
Is 2756 a factor of 4070565?
False
Is 357 a factor of 6716437?
False
Is 11 a factor of 11011?
True
Is 916031 a multiple of 6?
False
Is 5046484 a multiple of 1598?
True
Is 53544 a multiple of 334?
False
Does 9 divide 37737?
True
Does 115 divide 213668?
False
Is 796145 a multiple of 29?
False
Is 247675 a multiple of 68?
False
Is 223202 a multiple of 127?
False
Is 61833 a multiple of 76?
False
Does 14 divide 288988?
True
Is 41320 a multiple of 4?
True
Is 88788 a multiple of 29?
False
Is 27 a factor of 8008002?
False
Is 1267400 a multiple of 40?
True
Does 346 divide 140476?
True
Is 196380 a multiple of 10?
True
Does 5 divide 271730?
True
Is 6 a factor of 10004223?
False
Is 5 a factor of 110090?
True
Is 326988 a multiple of 118?
False
Is 1292283 a multiple of 828?
False
Is 12 a factor of 56640?
True
Is 1083248 a multiple of 1522?
False
Is 322064 a multiple of 91?
False
Is 1176104 a multiple of 3?
False
Is 10 a factor of 1395594?
False
Is 406459 a multiple of 56?
False
Is 50 a factor of 2406600?
True
Does 183 divide 253272?
True
Does 23 divide 2953686?
False
Is 571 a factor of 1481677?
False
Is 135520 a multiple of 11?
True
Is 1123650 a multiple of 454?
True
Is 59772 a multiple of 293?
True
Does 279 divide 2209680?
True
Is 530475 a multiple of 269?
False
Does 20 divide 418440?
True
Is 229 a factor of 17036684?
True
Does 454 divide 876131?
False
Is 162 a factor of 3027942?
True
Is 110 a factor of 51817?
False
Is 264709 a multiple of 3?
False
Is 61 a factor of 54839?
True
Is 37802 a multiple of 130?
False
Is 7 a factor of 1666924?
True
Is 112863 a multiple of 51?
True
Is 336 a factor of 2968844?
False
Does 19 divide 251370?
True
Is 80916 a multiple of 19?
False
Is 1106 a factor of 201576?
False
Is 642812 a multiple of 78?
False
Is 37 a factor of 1912304?
False
Does 287 divide 4497?
False
Does 93 divide 568446?
False
Is 24 a factor of 2793025?
False
Is 91 a factor of 302484?
True
Is 10 a factor of 805335?
False
Is 1007204 a multiple of 27?
False
Is 212 a factor of 345772?
True
Is 20 a factor of 129020?
True
Is 2573508 a multiple of 7?
True
Is 9 a factor of 11926638?
True
Does 6 divide 142844?
False
Is 257 a factor of 28687?
False
Does 42 divide 7930020?
True
Is 608450 a multiple of 566?
True
Does 189 divide 108651?
False
Is 23 a factor of 605210?
False
Is 6 a factor of 2712454?
False
Is 3 a factor of 1055?
False
Is 45 a factor of 1084275?
True
Is 186 a factor of 160084?
False
Does 13 divide 136409?
True
Is 53643 a multiple of 28?
False
Does 164 divide 1049272?
True
Is 56355 a multiple of 13?
True
Does 529 divide 21633159?
False
Is 17 a factor of 21038?
False
Is 42745 a multiple of 83?
True
Does 307 divide 144904?
True
Is 13 a factor of 35932?
True
Does 20 divide 572462?
False
Is 7 a factor of 2882145?
True
Is 1904 a factor of 798127?
False
Is 167 a factor of 6851?
False
Is 80274 a multiple of 40?
False
Is 236 a factor of 107380?
True
Is 6 a factor of 193424?
False
Is 143462 a multiple of 22?
True
Is 792701 a multiple of 7?
True
Is 9959285 a multiple of 35?
True
Is 1185 a factor of 4752436?
False
Is 1598039 a multiple of 321?
False
Is 187 a factor of 19710799?
False
Is 41 a factor of 12669?
True
Is 110 a factor of 896806?
False
Is 179086 a multiple of 302?
True
Is 113 a factor of 6850750?
False
Is 505330 a multiple of 14?
True
Is 243 a factor of 2612755?
False
Is 540 a factor of 34020?
True
Is 52 a factor of 3661112?
True
Is 353 a factor of 94604?
True
Is 5727199 a multiple of 38?
False
Is 27865520 a multiple of 580?
True
Is 2090784 a multiple of 5?
False
Is 1841593 a multiple of 1983?
False
Does 40 divide 106301?
False
Is 1509687 a multiple of 63?
False
Is 581216 a multiple of 328?
True
Is 10 a factor of 259650?
True
Is 8 a factor of 98496?
True
Is 149 a factor of 73983?
False
Does 57 divide 330712?
False
Is 308354 a multiple of 2?
True
Is 25 a factor of 3873306?
False
Is 2229693 a multiple of 74?
False
Does 65 divide 41385?
False
Is 1023287 a multiple of 7?
False
Is 276094 a multiple of 14?
True
Is 4267293 a multiple of 59?
True
Does 381 divide 16383?
True
Is 2 a factor of 29253?
False
Is 11473 a multiple of 11?
True
Is 28 a factor of 658584?
False
Is 52299 a multiple of 27?
True
Is 119 a factor of 184501?
False
Does 6 divide 124115?
False
Is 224026 a multiple of 187?
True
Is 235985 a multiple of 155?
False
Is 15 a factor of 390296?
False
Is 186 a factor of 3854478?
True
Is 1872521 a multiple of 9?
False
Is 28 a factor of 415016?
True
Is 415162 a multiple of 110?
False
Is 1679522 a multiple of 24?
False
Is 1937385 a multiple of 9?
True
Is 43 a factor of 55943?
True
Is 664045 a multiple of 59?
True
Is 269 a factor of 8339807?
True
Is 15 a factor of 386868?
False
Is 13 a factor of 703706?
False
Is 460560 a multiple of 40?
True
Is 34 a factor of 106182?
True
Is 1173 a factor of 1509651?
True
Is 3082990 a multiple of 10?
True
Is 18 a factor of 3884292?
True
Does 5 divide 2351538?
False
Is 17 a factor of 14866?
False
Does 9 divide 136657?
False
Is 59 a factor of 187089?
True
Is 2199636 a multiple of 414?
False
Is 17393889 a multiple of 42?
False
Does 16 divide 605920?
True
Is 26 a factor of 265089?
False
Is 730950 a multiple of 15?
True
Is 1165860 a multiple of 85?
True
Is 32 a factor of 293327?
False
Is 8063252 a multiple of 11?
False
Is 436575 a multiple of 793?
False
Is 13 a factor of 1367353?
True
Is 110 a factor of 855001?
False
Does 1003 divide 18451188?
True
Is 563 a factor of 485306?
True
Is 20 a factor of 943097?
False
Is 52564 a multiple of 17?
True
Does 187 divide 10868627?
True
Does 41 divide 165722?
True
Is 5 a factor of 17975?
True
Is 538490 a multiple of 74?
False
Is 389 a factor of 827623?
False
Is 8645399 a multiple of 391?
False
Is 14 a factor of 166012?
True
Does 33 divide 10839411?
True
Does 269 divide 6138044?
False
Does 19 divide 61869?
False
Is 60 a factor of 170100?
True
Is 783297 a multiple of 65?
False
Is 466 a factor of 466932?
True
Is 163208 a multiple of 150?
False
Is 51 a factor of 20310550?
False
Does 1271 divide 17528134?
False
Is 3 a factor of 47448?
True
Is 18 a factor of 167788?
False
Is 38 a factor of 421718?
False
Is 2773448 a multiple of 17?
True
Is 154 a factor of 437976?
True
Is 4145614 a multiple of 9?
False
Does